{"id":58,"date":"2016-04-07T10:32:33","date_gmt":"2016-04-07T08:32:33","guid":{"rendered":"http:\/\/kbogu.panel.szn.pl\/wordpress\/?page_id=58"},"modified":"2016-04-07T11:29:28","modified_gmt":"2016-04-07T09:29:28","slug":"dydaktyka","status":"publish","type":"page","link":"https:\/\/kbogu.panel.szn.pl\/wordpress\/dydaktyka\/","title":{"rendered":"Dydaktyka"},"content":{"rendered":"<p>Aktualnie w ramach pracy dydaktycznej prowadz\u0119 zaj\u0119cia z zakresu &#8222;Sieci Komputerowe i Telekomunikacyjne&#8221;. Poni\u017cej znajdziecie Pa\u0144stwo materia\u0142y z prezentacji wy\u015bwietlanych na wyk\u0142adach oraz materia\u0142y potrzebne do \u0107wicze\u0144 laboratoryjnych.<\/p>\n<h2>Prezentacje z wyk\u0142ad\u00f3w<\/h2>\n<table width=\"1469\">\n<tbody>\n<tr>\n<td><strong>Wersja<\/strong><strong> PDF<\/strong><\/td>\n<td><strong>Wersja<\/strong><strong> FLASH<\/strong><\/td>\n<\/tr>\n<tr>\n<td><a href=\"http:\/\/kbogu.man.szczecin.pl\/PREZENTACJE\/PDF\/wyklad_1_1-sieci-pakietowe-i-z-komutacja.pdf\">Wyk\u0142ad 1.1 &#8211; sieci pakietowe z komutacj\u0105 \u0142\u0105cz<\/a><\/td>\n<td><a href=\"http:\/\/kbogu.man.szczecin.pl\/PREZENTACJE\/FLASH\/wyklad_1_1-sieci-pakietowe-i-z-komutacja.swf\">Wyk\u0142ad 1.1 &#8211; sieci pakietowe z komutacj\u0105 \u0142\u0105cz<\/a><\/td>\n<\/tr>\n<tr>\n<td><a href=\"http:\/\/kbogu.man.szczecin.pl\/PREZENTACJE\/PDF\/wyklad_1_2-warstwy-1-i-2.pdf\">Wyk\u0142ad 1.2 &#8211; warstwa 1, 2<\/a><\/td>\n<td><a href=\"http:\/\/kbogu.man.szczecin.pl\/PREZENTACJE\/FLASH\/wyklad_1_2-warstwy-1-i-2.swf\">Wyk\u0142ad 1.2 &#8211; warstwa 1, 2<\/a><\/td>\n<\/tr>\n<tr>\n<td><a href=\"http:\/\/kbogu.man.szczecin.pl\/PREZENTACJE\/PDF\/wyklad_2-pierscien-czyna.pdf\">Wyk\u0142ad 2 &#8211; sieci pier\u015bcieniowe<\/a><\/td>\n<td><a href=\"http:\/\/kbogu.man.szczecin.pl\/PREZENTACJE\/FLASH\/wyklad_2-pierscien-czyna.swf\">Wyk\u0142ad 2 &#8211; sieci pier\u015bcieniowe<\/a><\/td>\n<\/tr>\n<tr>\n<td><a href=\"http:\/\/kbogu.man.szczecin.pl\/PREZENTACJE\/PDF\/wyklad_3-warstwy-transmisyjne-ogolnie.pdf\">Wyk\u0142ad 3 &#8211; warstwy transmisyjne<\/a><\/td>\n<td><a href=\"http:\/\/kbogu.man.szczecin.pl\/PREZENTACJE\/FLASH\/wyklad_3-warstwy-transmisyjne-ogolnie.swf\">Wyk\u0142ad 3 &#8211; warstwy transmisyjne<\/a><\/td>\n<\/tr>\n<tr>\n<td><a href=\"http:\/\/kbogu.man.szczecin.pl\/PREZENTACJE\/PDF\/wyklad_4-prot-siec.pdf\">Wyk\u0142ad 4 &#8211; protoko\u0142y sieciowe<\/a><\/td>\n<td><a href=\"http:\/\/kbogu.man.szczecin.pl\/PREZENTACJE\/FLASH\/wyklad_4-prot-siec.swf\">Wyk\u0142ad 4 &#8211; protoko\u0142y sieciowe<\/a><\/td>\n<\/tr>\n<tr>\n<td><a href=\"http:\/\/kbogu.man.szczecin.pl\/PREZENTACJE\/PDF\/wyklad_5_1-ADDR.pdf\">Wyk\u0142ad 5.1 &#8211; Adresacja<\/a><\/td>\n<td><a href=\"http:\/\/kbogu.man.szczecin.pl\/PREZENTACJE\/FLASH\/wyklad_5_1-ADDR.swf\">Wyk\u0142ad 5.1 &#8211; Adresacja<\/a><\/td>\n<\/tr>\n<tr>\n<td><a href=\"http:\/\/kbogu.man.szczecin.pl\/PREZENTACJE\/PDF\/wyklad_5_2-multicas.pdf\">Wyk\u0142ad 5.2 &#8211; Multicasting<\/a><\/td>\n<td><a href=\"http:\/\/kbogu.man.szczecin.pl\/PREZENTACJE\/FLASH\/wyklad_5_2-multicas.swf\">Wyk\u0142ad 5.2 &#8211; Multicasting<\/a><\/td>\n<\/tr>\n<tr>\n<td><a href=\"http:\/\/kbogu.man.szczecin.pl\/PREZENTACJE\/PDF\/wyklad_5_3-switching_bridging.pdf\">Wyk\u0142ad 5.3 &#8211; Switching &#8211; Bridging<\/a><\/td>\n<td><a href=\"http:\/\/kbogu.man.szczecin.pl\/PREZENTACJE\/FLASH\/wyklad_5_3-switching_bridging.swf\">Wyk\u0142ad 5.3 &#8211; Switching &#8211; Bridging<\/a><\/td>\n<\/tr>\n<tr>\n<td><a href=\"http:\/\/kbogu.man.szczecin.pl\/PREZENTACJE\/PDF\/wyklad_6_0-pakiet-IP.pdf\">Wyk\u0142ad 6.0 &#8211; Pakiet IP<\/a><\/td>\n<td><a href=\"http:\/\/kbogu.man.szczecin.pl\/PREZENTACJE\/FLASH\/wyklad_6_0-pakiet-IP.swf\">Wyk\u0142ad 6.0 &#8211; Pakiet IP<\/a><\/td>\n<\/tr>\n<tr>\n<td><a href=\"http:\/\/kbogu.man.szczecin.pl\/PREZENTACJE\/PDF\/wyklad_6_1-Ipv4podst-adres-IP.pdf\">Wyk\u0142ad 6.1 &#8211; podstawy IP<\/a><\/td>\n<td><a href=\"http:\/\/kbogu.man.szczecin.pl\/PREZENTACJE\/FLASH\/wyklad_6_1-Ipv4podst-adres-IP.swf\">Wyk\u0142ad 6.1 &#8211; podstawy IP<\/a><\/td>\n<\/tr>\n<tr>\n<td><a href=\"http:\/\/kbogu.man.szczecin.pl\/PREZENTACJE\/PDF\/wyklad_6_2-Ipv4-CIDR-NAT.pdf\">Wyk\u0142ad 6.2 &#8211; IP &#8211; CIDR, NAT<\/a><\/td>\n<td><a href=\"http:\/\/kbogu.man.szczecin.pl\/PREZENTACJE\/FLASH\/wyklad_6_2-Ipv4-CIDR-NAT.swf\">Wyk\u0142ad 6.2 &#8211; IP &#8211; CIDR, NAT<\/a><\/td>\n<\/tr>\n<tr>\n<td><a href=\"http:\/\/kbogu.man.szczecin.pl\/PREZENTACJE\/PDF\/wyklad_7_1-IP_trans.pdf\">Wyk\u0142ad 7.1 &#8211; Transmisja w protokole IP<\/a><\/td>\n<td><a href=\"http:\/\/kbogu.man.szczecin.pl\/PREZENTACJE\/FLASH\/wyklad_7_1-IP_trans.swf\">Wyk\u0142ad 7.1 &#8211; Transmisja w protokole IP<\/a><\/td>\n<\/tr>\n<tr>\n<td><a href=\"http:\/\/kbogu.man.szczecin.pl\/PREZENTACJE\/PDF\/wyklad_7_2-routing.pdf\">Wyk\u0142ad 7.2 &#8211; routing<\/a><\/td>\n<td><a href=\"http:\/\/kbogu.man.szczecin.pl\/PREZENTACJE\/FLASH\/wyklad_7_2-routing.swf\">Wyk\u0142ad 7.2 &#8211; routing<\/a><\/td>\n<\/tr>\n<tr>\n<td><a href=\"http:\/\/kbogu.man.szczecin.pl\/PREZENTACJE\/PDF\/wyklad_7_3-routing-konfiguracja.pdf\">Wyk\u0142ad 7.3 &#8211; routing konfiguracja interfejs\u00f3w<\/a><\/td>\n<td><a href=\"http:\/\/kbogu.man.szczecin.pl\/PREZENTACJE\/FLASH\/wyklad_7_3-routing-konfiguracja.swf\">Wyk\u0142ad 7.3 &#8211; routing konfiguracja interfejs\u00f3w<\/a><\/td>\n<\/tr>\n<tr>\n<td><a href=\"http:\/\/kbogu.man.szczecin.pl\/PREZENTACJE\/PDF\/wyklad_7_4-Ipv4_adres_IP_i_routing.pdf\">Wyk\u0142ad 7.4 &#8211; adresacja IP i routing<\/a><\/td>\n<td><a href=\"http:\/\/kbogu.man.szczecin.pl\/PREZENTACJE\/FLASH\/wyklad_7_4-Ipv4_adres_IP_i_routing.swf\">Wyk\u0142ad 7.4 &#8211; adresacja IP i routing<\/a><\/td>\n<\/tr>\n<tr>\n<td><a href=\"http:\/\/kbogu.man.szczecin.pl\/PREZENTACJE\/PDF\/wyklad_8-DNS.pdf\">Wyk\u0142ad 8 &#8211; DNS<\/a><\/td>\n<td><a href=\"http:\/\/kbogu.man.szczecin.pl\/PREZENTACJE\/FLASH\/wyklad_8-DNS.swf\">Wyk\u0142ad 8 &#8211; DNS<\/a><\/td>\n<\/tr>\n<tr>\n<td><a href=\"http:\/\/kbogu.man.szczecin.pl\/PREZENTACJE\/PDF\/wyklad_9_1-FDDI.pdf\">Wyk\u0142ad 9.1 &#8211; FDDI<\/a><\/td>\n<td><a href=\"http:\/\/kbogu.man.szczecin.pl\/PREZENTACJE\/FLASH\/wyklad_9_1-FDDI.swf\">Wyk\u0142ad 9.1 &#8211; FDDI<\/a><\/td>\n<\/tr>\n<tr>\n<td><a href=\"http:\/\/kbogu.man.szczecin.pl\/PREZENTACJE\/PDF\/wyklad_9_2-DQDB.pdf\">Wyk\u0142ad 9.2 &#8211; DQDB<\/a><\/td>\n<td><a href=\"http:\/\/kbogu.man.szczecin.pl\/PREZENTACJE\/FLASH\/wyklad_9_2-DQDB.swf\">Wyk\u0142ad 9.2 &#8211; DQDB<\/a><\/td>\n<\/tr>\n<\/tbody>\n<\/table>\n<h2>Laboratoria sieciowe &#8211; Linux <span class=\"SpellE\">Debian<\/span><\/h2>\n<p><a href=\"http:\/\/kbogu.man.szczecin.pl\/sieci_lab\/LAB1%20-%20podstawy%20konfiguracji%20LINUXa.pdf\">lab1<\/a>, <a href=\"http:\/\/kbogu.man.szczecin.pl\/sieci_lab\/LAB2%20-%20ifconfig%20-%20APACHE%20IPBx.pdf\">lab2<\/a>, <a href=\"http:\/\/kbogu.man.szczecin.pl\/sieci_lab\/LAB3%20-%20DNS%20-%20BIND9.pdf\">lab3<\/a>, <a href=\"http:\/\/kbogu.man.szczecin.pl\/sieci_lab\/LAB4%20-%20APACHE%20NB.pdf\">lab4<\/a>, <a href=\"http:\/\/kbogu.man.szczecin.pl\/sieci_lab\/LAB5%20-%20CMS%20JOOMLA%20PHP%20MySql.pdf\">lab5<\/a>, <a href=\"http:\/\/kbogu.man.szczecin.pl\/sieci_lab\/LAB6%20-%20Zaliczenie%20LAMP.pdf\">Zaliczenie <span class=\"SpellE\">LAMP&#8217;a<\/span><\/a>,<\/p>\n<h2>Narz\u0119dzia niezb\u0119dne do symulacji sieciowych<\/h2>\n<p>za pomoc\u0105 narz\u0119dzia OPNET IT GURU <span class=\"SpellE\">Academic<\/span> <span class=\"SpellE\">Edition<\/span><\/p>\n<p><a href=\"http:\/\/www.opnet.com\/university_program\/itguru_academic_edition\/\">OPNET IT Guru <span class=\"SpellE\">Academic<\/span> <span class=\"SpellE\">Edition<\/span><\/a><br \/>\nInstrukcje w PDF do \u0107wicze\u0144 laboratoryjnych:<br \/>\n<a href=\"ftp:\/\/cmpdownload:lastkind@enterprise8.opnet.com\/cmp_root\/models\/544\/Lab%20Documents\/01%20Home%20PC%20Network%20Lab%20Manual.pdf\">lab1<\/a>, <a href=\"ftp:\/\/cmpdownload:lastkind@enterprise8.opnet.com\/cmp_root\/models\/544\/Lab%20Documents\/02%20Multistory%20Building%20LAN%20Lab%20Manual.pdf\">lab2<\/a>, <a href=\"ftp:\/\/cmpdownload:lastkind@enterprise8.opnet.com\/cmp_root\/models\/544\/Lab%20Documents\/03%20Evaluating%20WAN%20Performance%20Lab%20Manual.pdf\">lab3<\/a>, <a href=\"ftp:\/\/cmpdownload:lastkind@enterprise8.opnet.com\/cmp_root\/models\/544\/Lab%20Documents\/04%20Large%20WAN%20Lab%20Manual.pdf\">lab4<\/a>, <a href=\"ftp:\/\/cmpdownload:lastkind@enterprise8.opnet.com\/cmp_root\/models\/544\/Lab%20Documents\/05%20TCP%20Windowing%20Lab%20Manual.pdf\">lab5<\/a>, <a href=\"ftp:\/\/cmpdownload:lastkind@enterprise8.opnet.com\/cmp_root\/models\/544\/Lab%20Documents\/06%20Firewall%20Implementation%20Lab%20Manual.pdf\">lab6<\/a>, <a href=\"ftp:\/\/cmpdownload:lastkind@enterprise8.opnet.com\/cmp_root\/models\/544\/Lab%20Documents\/07%20ACE%20Oracle%20Application%20Lab%20Manual.pdf\">lab7<\/a><\/p>\n<p>Pliki z zestawami do \u0107wicze\u0144 laboratoryjnych:<br \/>\n<a href=\"ftp:\/\/cmpdownload:lastkind@enterprise8.opnet.com\/cmp_root\/models\/544\/Lab%20Files\/01%20Home%20LAN.zip\">lab1<\/a>, <a href=\"ftp:\/\/cmpdownload:lastkind@enterprise8.opnet.com\/cmp_root\/models\/544\/Lab%20Files\/02%20Multistory%20Building%20LAN.zip\">lab2<\/a>, <a href=\"ftp:\/\/cmpdownload:lastkind@enterprise8.opnet.com\/cmp_root\/models\/544\/Lab%20Files\/03%20Evaluating%20WAN%20Performance.zip\">lab3<\/a>, <a href=\"ftp:\/\/cmpdownload:lastkind@enterprise8.opnet.com\/cmp_root\/models\/544\/Lab%20Files\/04%20Large%20WAN.zip\">lab4<\/a>, <a href=\"ftp:\/\/cmpdownload:lastkind@enterprise8.opnet.com\/cmp_root\/models\/544\/Lab%20Files\/05%20TCP%20Windowing.zip\">lab5<\/a>, <a href=\"ftp:\/\/cmpdownload:lastkind@enterprise8.opnet.com\/cmp_root\/models\/544\/Lab%20Files\/06%20Firewall%20Implementation.zip\">lab6<\/a>, <a href=\"ftp:\/\/cmpdownload:lastkind@enterprise8.opnet.com\/cmp_root\/models\/544\/Lab%20Files\/07%20ACE%20Oracle%20Application.zip\">lab7<\/a><br \/>\n<a href=\"http:\/\/www.opnet.com\/university_program\/itguru_academic_edition\/install_lab.html\">Procedura instalacji plik\u00f3w z zestawami do \u0107wicze\u0144 laboratoryjnych<\/a><\/p>\n<p>&nbsp;<\/p>\n","protected":false},"excerpt":{"rendered":"<p>Aktualnie w ramach pracy dydaktycznej prowadz\u0119 zaj\u0119cia z zakresu &#8222;Sieci Komputerowe i Telekomunikacyjne&#8221;. Poni\u017cej znajdziecie Pa\u0144stwo materia\u0142y z prezentacji wy\u015bwietlanych na wyk\u0142adach oraz materia\u0142y potrzebne do \u0107wicze\u0144 laboratoryjnych. Prezentacje z wyk\u0142ad\u00f3w Wersja PDF Wersja FLASH Wyk\u0142ad 1.1 &#8211; sieci pakietowe z komutacj\u0105 \u0142\u0105cz Wyk\u0142ad 1.1 &#8211; sieci pakietowe z komutacj\u0105 \u0142\u0105cz Wyk\u0142ad 1.2 &#8211; warstwa &#8230; <a title=\"Dydaktyka\" class=\"read-more\" href=\"https:\/\/kbogu.panel.szn.pl\/wordpress\/dydaktyka\/\">Czytaj dalej<span class=\"screen-reader-text\">Dydaktyka<\/span><\/a><\/p>\n","protected":false},"author":1,"featured_media":0,"parent":0,"menu_order":0,"comment_status":"closed","ping_status":"closed","template":"","meta":[],"_links":{"self":[{"href":"https:\/\/kbogu.panel.szn.pl\/wordpress\/wp-json\/wp\/v2\/pages\/58"}],"collection":[{"href":"https:\/\/kbogu.panel.szn.pl\/wordpress\/wp-json\/wp\/v2\/pages"}],"about":[{"href":"https:\/\/kbogu.panel.szn.pl\/wordpress\/wp-json\/wp\/v2\/types\/page"}],"author":[{"embeddable":true,"href":"https:\/\/kbogu.panel.szn.pl\/wordpress\/wp-json\/wp\/v2\/users\/1"}],"replies":[{"embeddable":true,"href":"https:\/\/kbogu.panel.szn.pl\/wordpress\/wp-json\/wp\/v2\/comments?post=58"}],"version-history":[{"count":8,"href":"https:\/\/kbogu.panel.szn.pl\/wordpress\/wp-json\/wp\/v2\/pages\/58\/revisions"}],"predecessor-version":[{"id":91,"href":"https:\/\/kbogu.panel.szn.pl\/wordpress\/wp-json\/wp\/v2\/pages\/58\/revisions\/91"}],"wp:attachment":[{"href":"https:\/\/kbogu.panel.szn.pl\/wordpress\/wp-json\/wp\/v2\/media?parent=58"}],"curies":[{"name":"wp","href":"https:\/\/api.w.org\/{rel}","templated":true}]}}