{"id":53,"date":"2016-04-07T09:56:11","date_gmt":"2016-04-07T07:56:11","guid":{"rendered":"http:\/\/kbogu.panel.szn.pl\/wordpress\/?page_id=53"},"modified":"2018-03-02T18:16:41","modified_gmt":"2018-03-02T17:16:41","slug":"nauka","status":"publish","type":"page","link":"https:\/\/kbogu.panel.szn.pl\/wordpress\/nauka\/","title":{"rendered":"Nauka"},"content":{"rendered":"<p>W pracy naukowo badawczej zajmuj\u0119 si\u0119 technologi\u0105 ATM w sieciach komputeriowych a w szczeg\u00f3lno\u015bci interesuj\u0105 mnie dwa aspekty zarz\u0105dzania zasobami sieci:<br \/>\n&#8211; Sterowanie Przeci\u0105\u017ceniem (Conguestion Control &#8211; CC)<br \/>\n&#8211; Sterowanie Przyj\u0105ciem Zg\u0142oszenia (Call Admission Control &#8211; CAC)<\/p>\n<p>Dla tych cel\u00f3w stworzy\u0142em grup\u0119 os\u00f3b zajmuj\u0105c\u0105 sie symulacj\u0105 komputerow\u0105 proces\u00f3w zachodz\u0105cych w sieciach komputerowych. Inforacje na ten temat mo\u017cna znale\u017a\u0107 tutaj.<\/p>\n<p>Prace naukowe i artyku\u0142y przedstawione s\u0105 <a href=\"\/publikacje\">tutaj.<\/a><\/p>\n","protected":false},"excerpt":{"rendered":"<p>W pracy naukowo badawczej zajmuj\u0119 si\u0119 technologi\u0105 ATM w sieciach komputeriowych a w szczeg\u00f3lno\u015bci interesuj\u0105 mnie dwa aspekty zarz\u0105dzania zasobami sieci: &#8211; Sterowanie Przeci\u0105\u017ceniem (Conguestion Control &#8211; CC) &#8211; Sterowanie Przyj\u0105ciem Zg\u0142oszenia (Call Admission Control &#8211; CAC) Dla tych cel\u00f3w stworzy\u0142em grup\u0119 os\u00f3b zajmuj\u0105c\u0105 sie symulacj\u0105 komputerow\u0105 proces\u00f3w zachodz\u0105cych w sieciach komputerowych. Inforacje na ten &#8230; <a title=\"Nauka\" class=\"read-more\" href=\"https:\/\/kbogu.panel.szn.pl\/wordpress\/nauka\/\">Czytaj dalej<span class=\"screen-reader-text\">Nauka<\/span><\/a><\/p>\n","protected":false},"author":1,"featured_media":0,"parent":0,"menu_order":2,"comment_status":"closed","ping_status":"closed","template":"","meta":[],"_links":{"self":[{"href":"https:\/\/kbogu.panel.szn.pl\/wordpress\/wp-json\/wp\/v2\/pages\/53"}],"collection":[{"href":"https:\/\/kbogu.panel.szn.pl\/wordpress\/wp-json\/wp\/v2\/pages"}],"about":[{"href":"https:\/\/kbogu.panel.szn.pl\/wordpress\/wp-json\/wp\/v2\/types\/page"}],"author":[{"embeddable":true,"href":"https:\/\/kbogu.panel.szn.pl\/wordpress\/wp-json\/wp\/v2\/users\/1"}],"replies":[{"embeddable":true,"href":"https:\/\/kbogu.panel.szn.pl\/wordpress\/wp-json\/wp\/v2\/comments?post=53"}],"version-history":[{"count":1,"href":"https:\/\/kbogu.panel.szn.pl\/wordpress\/wp-json\/wp\/v2\/pages\/53\/revisions"}],"predecessor-version":[{"id":54,"href":"https:\/\/kbogu.panel.szn.pl\/wordpress\/wp-json\/wp\/v2\/pages\/53\/revisions\/54"}],"wp:attachment":[{"href":"https:\/\/kbogu.panel.szn.pl\/wordpress\/wp-json\/wp\/v2\/media?parent=53"}],"curies":[{"name":"wp","href":"https:\/\/api.w.org\/{rel}","templated":true}]}}